 7, what is 13 - -26?
42
In base 5, what is 31 + 1304?
1340
In base 4, what is 3130203 + 11?
3130220
In base 2, what is -1100 + 1001010011?
1001000111
In base 10, what is 3 + 21?
24
In base 5, what is 422 + -4?
413
In base 15, what is -1c4 - -3?
-1c1
In base 16, what is -16 + 2d?
17
In base 2, what is -11110011 + -1?
-11110100
In base 10, what is -3715 + 2?
-3713
In base 12, what is 351 - 5?
348
In base 10, what is 21 + -161?
-140
In base 11, what is 2 - 146?
-144
In base 8, what is 342 + 0?
342
In base 4, what is 30 - 23220?
-23130
In base 14, what is -4 + a?
6
In base 4, what is 3112203 - 10?
3112133
In base 7, what is -1 + -66?
-100
In base 12, what is 108 - 7?
101
In base 9, what is -527 + 2?
-525
In base 14, what is -27 - -238?
211
In base 4, what is 301112 + -1?
301111
In base 16, what is 7a - 0?
7a
In base 13, what is -5 + -216?
-21b
In base 6, what is 2 - 42?
-40
In base 15, what is 1 + aa?
ab
In base 14, what is 9 + a2?
ab
In base 14, what is -184 - 13?
-197
In base 6, what is -2 + 14115?
14113
In base 2, what is 1001 + 1001?
10010
In base 2, what is -1001 - 10?
-1011
In base 7, what is -12511 - 2?
-12513
In base 8, what is -733 - 3?
-736
In base 11, what is 34 + 11?
45
In base 11, what is 530 + 3?
533
In base 11, what is -4 + 36?
32
In base 6, what is -32 + -14?
-50
In base 10, what is -14794 - 1?
-14795
In base 5, what is -10 - 1214?
-1224
In base 13, what is 4216 + 3?
4219
In base 7, what is 156 + 14?
203
In base 14, what is 3c9 + 2?
3cb
In base 3, what is -110220 + 110?
-110110
In base 10, what is 486 - -1?
487
In base 8, what is -227 + 2?
-225
In base 5, what is 323 + 33?
411
In base 2, what is -11 + -100101011?
-100101110
In base 6, what is 4 - 3142?
-3134
In base 8, what is 3065 - -4?
3071
In base 5, what is 41022 - -10?
41032
In base 7, what is -124 - 2?
-126
In base 12, what is -5 + 67?
62
In base 11, what is -161 + 4?
-158
In base 13, what is -46 - -3?
-43
In base 16, what is -2 - 155?
-157
In base 5, what is 4 - 20104?
-20100
In base 9, what is -714 + -1?
-715
In base 3, what is 121 + -210?
-12
In base 2, what is 100000 - 10?
11110
In base 13, what is -15941 + -5?
-15946
In base 16, what is -d6 + 5?
-d1
In base 16, what is 13 + -5?
e
In base 3, what is -20201 + -12?
-20220
In base 7, what is 26 - 324?
-265
In base 3, what is -12 + 2011?
1222
In base 8, what is 13646 - -2?
13650
In base 7, what is -40 - -10?
-30
In base 16, what is -16 + 2a?
14
In base 4, what is 113201 + 2?
113203
In base 3, what is 10121 + -1?
10120
In base 10, what is -79 - 5?
-84
In base 13, what is -259 + 4?
-255
In base 8, what is 4 - -721?
725
In base 6, what is 3 - 1254?
-1251
In base 8, what is -103403 + 4?
-103377
In base 14, what is 55 - 15?
40
In base 12, what is 870 - 0?
870
In base 6, what is 1 + 244?
245
In base 15, what is e + -1a?
-b
In base 12, what is -3 + -369?
-370
In base 16, what is -28 - -1b?
-d
In base 2, what is -1 - 1100101100?
-1100101101
In base 14, what is -5c - -a?
-52
In base 11, what is -45 + -3?
-48
In base 8, what is 5 - 24?
-17
In base 4, what is 1033101 + -2?
1033033
In base 11, what is -82 + 1a?
-63
In base 3, what is -1112121002 + -11?
-1112121020
In base 13, what is -15 + -a0?
-b5
In base 8, what is 4 - 1027?
-1023
In base 15, what is -cb - 2?
-cd
In base 15, what is 5 + 6d?
73
In base 8, what is -16 + -11?
-27
In base 8, what is 3 - -102?
105
In base 12, what is 587 + -1?
586
In base 9, what is 2 + 1551?
1553
In base 2, what is -1100001100 + -1001?
-1100010101
In base 7, what is 414 + 5?
422
In base 9, what is 3 + 78?
82
In base 2, what is 101 - -10100?
11001
In base 11, what is -416 - 20?
-436
In base 8, what is -5 + -3037?
-3044
In base 14, what is -13 - 64a?
-65d
In base 7, what is -213 + 115?
-65
In base 7, what is 3 - 2110?
-2104
In base 7, what is -1 - 356?
-360
In base 3, what is -2 + -112211?
-112220
In base 8, what is -15253 - -4?
-15247
In base 10, what is -5 + -290?
-295
In base 14, what is 3 + d7?
da
In base 14, what is 65 - 0?
65
In base 10, what is 99 + 10?
109
In base 15, what is 5 + 12?
17
In base 8, what is 5 + 5460?
5465
In base 13, what is 114b + -2?
1149
In base 10, what is 1686 - 1?
1685
In base 12, what is -3 - -b?
8
In base 10, what is 19 + 8?
27
In base 13, what is -25 + -4?
-29
In base 10, what is 1 + -4310?
-4309
In base 6, what is -215 + -144?
-403
In base 3, what is 1101 + -12?
1012
In base 9, what is -68480 - 4?
-68484
In base 15, what is 2 + 4?
6
In base 4, what is -2201 - 11?
-2212
In base 12, what is -b7 + -6?
-101
In base 11, what is 4 - -4a?
53
In base 6, what is -3 + 135?
132
In base 7, what is 5 + -33?
-25
In base 15, what is 11d + 4?
122
In base 6, what is -5 + 400?
351
In base 2, what is 1010110 + 10?
1011000
In base 9, what is 3177 + 0?
3177
In base 2, what is 1 + -11001?
-11000
In base 5, what is 1021 - 2?
1014
In base 2, what is 1000010 + 1?
1000011
In base 2, what is -111011001011 + 101?
-111011000110
In base 11, what is 1 - -4a1?
4a2
In base 10, what is 0 - 13?
-13
In base 9, what is -3 + 221?
217
In base 16, what is -160 - 1?
-161
In base 15, what is 6 - 28?
-22
In base 14, what is 1197 - 2?
1195
In base 10, what is 199 - 1?
198
In base 5, what is -10 - 3242?
-3302
In base 7, what is 62 - 1404?
-1312
In base 4, what is 3 + -112?
-103
In base 15, what is 67a - 2?
678
In base 14, what is 248 - -2?
24a
In base 11, what is 12 + -12?
0
In base 7, what is 11 + -2106?
-2065
In base 11, what is 4 - 0?
4
In base 6, what is -3 + -403?
-410
In base 4, what is 20 - -2222?
2302
In base 12, what is -3 - -1053?
1050
In base 9, what is 4 + -243?
-238
In base 2, what is 11001011 + -1111?
10111100
In base 8, what is 320 + -5?
313
In base 15, what is -1 + -e0?
-e1
In base 10, what is 271 - 5?
266
In base 5, what is 134203 - 3?
134200
In base 10, what is 34103 + -2?
34101
In base 3, what is 1200 + -221?
202
In base 15, what is 2 - 9?
-7
In base 10, what is 0 + 1?
1
In base 6, what is 5 - 12413?
-12404
In base 3, what is -2111 + -1122?
-11010
In base 2, what is 110 - -1110011?
1111001
In base 13, what is -7 - -12a?
123
In base 16, what is 4 + -ef?
-eb
In base 12, what is 3 - 74?
-71
In base 7, what is 4 + 41?
45
In base 2, what is 110 + 1000011?
1001001
In base 15, what is -1 - 8?
-9
In base 4, what is 2 + -122?
-120
In base 10, what is -7753 + -5?
-7758
In base 10, what is 7 - 123?
-116
In base 6, what is 3 - 5020?
-5013
In base 5, what is -1032 - 2?
-1034
In base 9, what is 3 - 48?
-45
In base 8, what is 4713 - -6?
4721
In base 8, what is -2 - 314?
-316
In base 3, what is -101 + 1020?
212
In base 14, what is d + 17?
26
In base 15, what is -293 - -1?
-292
In base 5, what is -3 + 40?
32
In base 5, what is 10 + -3303?
-3243
In base 14, what is -129 - -10?
-119
In base 14, what is b + d?
1a
In base 10, what is 77 - -22?
99
In base 14, what is 3 - 26?
-23
In base 13, what is 7 + 17?
21
In base 10, what is 353 + 5?
358
In base 14, what is -9 + -5ca?
-5d5
In base 14, what is 0 + -14?
-14
In base 14, what is -4c - 17?
-65
In base 15, what is 144 + -2?
142
In base 13, what is 0 + -4?
-4
In base 9, what is 1 + -1582?
-1581
In base 8, what is -2 - -71?
67
In base 11, what is 80 + 0?
80
In base 9, what is 104 + -35?
58
In base 16, what is 1a7 + 5?
1ac
In base 4, what is -13 - 1113?
-1132
In base 16, what is -16d7 + 0?
-16d7
In base 11, what is -2 + -2129?
-2130
In base 16, what is 31 + 1b?
4c
In base 15, what is -a - -22?
17
In base 15, what is 15d3 + 3?
15d6
In base 12, what is -6 - 5a2?
-5a8
In base 5, what is -13 + -41?
-104
In base 12, what is 0 - -55?
55
In base 9, what is -53281 + 2?
-53278
In base 10, what is -7 - -4?
-3
In base 6, what is 1250 - -2?
1252
In base 16, what is -3 + -cf?
-d2
In base 4, what is -2 - -11203?
11201
In base 2, what is -10100111 + 1000000?
-1100111
In base 10, what is 77 + 5?
82
In base 12, what is 4b + -176?
-127
In base 9, what is 0 - -112?
112
In base 13, what is -483 + -2?
-485
In base 6, what is 105 - 13?
52
In base 12, what is 5 + b44?
b49
In base 13, what is -4b - -6?
-45
In base 8, what is -13 + -1060?
-1073
In base 6, what is -1 - -1212?
1211
In base 6, what is -433 - -143?
-250
In base 8, what is 2160 - 3?
2155
In base 3, what is -111 - -101211?
101100
In base 5, what is -3142 - -30?
-3112
In base 10, what is 0 + 45?
45
In base 16, what is 3 + -b?
-8
In base